{"id":2,"date":"2017-10-07T08:00:21","date_gmt":"2017-10-07T08:00:21","guid":{"rendered":"http:\/\/kadenkaanne.fi\/?page_id=2"},"modified":"2017-11-07T20:26:30","modified_gmt":"2017-11-07T20:26:30","slug":"sample-page","status":"publish","type":"page","link":"http:\/\/kadenkaanne.fi\/","title":{"rendered":"Viittomakielen Tulkkausta K\u00e4denK\u00e4\u00e4nteess\u00e4 Vuodesta 2006"},"content":{"rendered":"<h1>Viittomakielen tulkkauspalvelua<\/h1>\n<p>K\u00e4denK\u00e4\u00e4nne on viittomakielen tulkkauspalvelua tarjoava yritys.\u00a0 Yritys on Kelan tulkkauspalvelun sopimuskumppani. K\u00e4denK\u00e4\u00e4nne tarjoaa tulkkausta p\u00e4\u00e4asiassa Pirkanmaalla seuraavilla alueilla: <em>Tampere, Yl\u00f6j\u00e4rvi, Pirkkala, Lemp\u00e4\u00e4l\u00e4, Nokia, Kangasala.<br \/>\n<\/em><\/p>\n<p>Tulkin voi tilata my\u00f6s tulkkauspalvelulain ulkopuolelle j\u00e4\u00e4viin tulkkaustilanteisiin. Kysy tarjous.<\/p>\n<h1>Viittomakielen tulkki K\u00e4denK\u00e4\u00e4nteess\u00e4<\/h1>\n<p><img loading=\"lazy\" decoding=\"async\" class=\"size-medium wp-image-36 aligncenter\" src=\"http:\/\/kadenkaanne.fi\/wp-content\/uploads\/2017\/10\/Profiili_kuva_mk-300x300.jpg\" alt=\"\" width=\"300\" height=\"300\" srcset=\"http:\/\/kadenkaanne.fi\/wp-content\/uploads\/2017\/10\/Profiili_kuva_mk-300x300.jpg 300w, http:\/\/kadenkaanne.fi\/wp-content\/uploads\/2017\/10\/Profiili_kuva_mk-150x150.jpg 150w, http:\/\/kadenkaanne.fi\/wp-content\/uploads\/2017\/10\/Profiili_kuva_mk-768x768.jpg 768w, http:\/\/kadenkaanne.fi\/wp-content\/uploads\/2017\/10\/Profiili_kuva_mk-100x100.jpg 100w, http:\/\/kadenkaanne.fi\/wp-content\/uploads\/2017\/10\/Profiili_kuva_mk.jpg 945w\" sizes=\"auto, (max-width: 300px) 100vw, 300px\" \/><\/p>\n<p><strong>Miiariina Kolkkinen<\/strong><\/p>\n<ul>\n<li>Viittomakielen tulkki AMK<\/li>\n<li>Viittomakielen tulkkausta vuodesta 2002 alkaen<\/li>\n<li>Palvelun tuottamistavat: Viittomakielell\u00e4, viitotulla puheella, viittomalla rajattuun n\u00e4k\u00f6kentt\u00e4\u00e4n, taktiilisti k\u00e4dest\u00e4 k\u00e4teen, puheentoisto, taktiilit sormiaakkoset, kuulon\u00e4k\u00f6vammaisen opastaminen, kuvailu<\/li>\n<\/ul>\n<h1>Asiakasryhm\u00e4t<\/h1>\n<p>K\u00e4denK\u00e4\u00e4nne tuottaa viittomakielen tulkkauspalvelua seuraaville asiakasryhmille<\/p>\n<ul>\n<li>Viittomakieliset asiakkaat<\/li>\n<li>Kuulon\u00e4k\u00f6vammaiset asiakkaat<\/li>\n<li>Huonokuuloiset asiakkaat<\/li>\n<li>Kuuroutuneet<\/li>\n<\/ul>\n","protected":false},"excerpt":{"rendered":"<p>Viittomakielen tulkkauspalvelua K\u00e4denK\u00e4\u00e4nne on viittomakielen tulkkauspalvelua tarjoava yritys.\u00a0 Yritys on Kelan tulkkauspalvelun sopimuskumppani. K\u00e4denK\u00e4\u00e4nne tarjoaa tulkkausta p\u00e4\u00e4asiassa Pirkanmaalla seuraavilla alueilla: Tampere, Yl\u00f6j\u00e4rvi, Pirkkala, Lemp\u00e4\u00e4l\u00e4, Nokia, Kangasala. Tulkin voi tilata my\u00f6s tulkkauspalvelulain ulkopuolelle j\u00e4\u00e4viin tulkkaustilanteisiin. Kysy tarjous. Viittomakielen tulkki K\u00e4denK\u00e4\u00e4nteess\u00e4 Miiariina Kolkkinen Viittomakielen tulkki AMK Viittomakielen tulkkausta vuodesta 2002 alkaen Palvelun tuottamistavat: Viittomakielell\u00e4, viitotulla puheella, viittomalla &hellip; <\/p>\n<p class=\"link-more\"><a href=\"http:\/\/kadenkaanne.fi\/\" class=\"more-link\">Jatka lukemista<span class=\"screen-reader-text\"> &#8221;Viittomakielen Tulkkausta K\u00e4denK\u00e4\u00e4nteess\u00e4 Vuodesta 2006&#8221;<\/span><\/a><\/p>\n","protected":false},"author":1,"featured_media":0,"parent":0,"menu_order":0,"comment_status":"closed","ping_status":"open","template":"","meta":{"footnotes":""},"class_list":["post-2","page","type-page","status-publish","hentry"],"_links":{"self":[{"href":"http:\/\/kadenkaanne.fi\/index.php?rest_route=\/wp\/v2\/pages\/2","targetHints":{"allow":["GET"]}}],"collection":[{"href":"http:\/\/kadenkaanne.fi\/index.php?rest_route=\/wp\/v2\/pages"}],"about":[{"href":"http:\/\/kadenkaanne.fi\/index.php?rest_route=\/wp\/v2\/types\/page"}],"author":[{"embeddable":true,"href":"http:\/\/kadenkaanne.fi\/index.php?rest_route=\/wp\/v2\/users\/1"}],"replies":[{"embeddable":true,"href":"http:\/\/kadenkaanne.fi\/index.php?rest_route=%2Fwp%2Fv2%2Fcomments&post=2"}],"version-history":[{"count":8,"href":"http:\/\/kadenkaanne.fi\/index.php?rest_route=\/wp\/v2\/pages\/2\/revisions"}],"predecessor-version":[{"id":14,"href":"http:\/\/kadenkaanne.fi\/index.php?rest_route=\/wp\/v2\/pages\/2\/revisions\/14"}],"wp:attachment":[{"href":"http:\/\/kadenkaanne.fi\/index.php?rest_route=%2Fwp%2Fv2%2Fmedia&parent=2"}],"curies":[{"name":"wp","href":"https:\/\/api.w.org\/{rel}","templated":true}]}}